{"id":67,"date":"2026-04-02T10:17:50","date_gmt":"2026-04-02T10:17:50","guid":{"rendered":"https:\/\/fz-polish.ch\/index.php\/about\/"},"modified":"2026-04-03T07:38:41","modified_gmt":"2026-04-03T07:38:41","slug":"about","status":"publish","type":"page","link":"https:\/\/fz-polish.ch\/index.php\/about\/","title":{"rendered":"\u00dcber Mich"},"content":{"rendered":"\t\t<div data-elementor-type=\"wp-page\" data-elementor-id=\"67\" class=\"elementor elementor-67\" data-elementor-post-type=\"page\">\n\t\t\t\t<div class=\"elementor-element elementor-element-23a154de e-flex e-con-boxed e-con e-parent\" data-id=\"23a154de\" data-element_type=\"container\" data-e-type=\"container\">\n\t\t\t\t\t<div class=\"e-con-inner\">\n\t\t<div class=\"elementor-element elementor-element-127970d3 e-con-full e-flex e-con e-child\" data-id=\"127970d3\" data-element_type=\"container\" data-e-type=\"container\">\n\t\t\t\t<\/div>\n\t\t<div class=\"elementor-element elementor-element-73675487 e-con-full e-flex e-con e-child\" data-id=\"73675487\" data-element_type=\"container\" data-e-type=\"container\">\n\t\t\t\t<div class=\"elementor-element elementor-element-78153f89 elementor-widget elementor-widget-heading\" data-id=\"78153f89\" data-element_type=\"widget\" data-e-type=\"widget\" data-widget_type=\"heading.default\">\n\t\t\t\t\t<h3 class=\"elementor-heading-title elementor-size-default\">\u00dcber Mich <\/h3>\t\t\t\t<\/div>\n\t\t\t\t<div class=\"elementor-element elementor-element-a287507 elementor-widget-divider--view-line elementor-widget elementor-widget-divider\" data-id=\"a287507\" data-element_type=\"widget\" data-e-type=\"widget\" data-widget_type=\"divider.default\">\n\t\t\t\t\t\t\t<div class=\"elementor-divider\">\n\t\t\t<span class=\"elementor-divider-separator\">\n\t\t\t\t\t\t<\/span>\n\t\t<\/div>\n\t\t\t\t\t\t<\/div>\n\t\t\t\t<div class=\"elementor-element elementor-element-6ac7b1ea elementor-widget elementor-widget-heading\" data-id=\"6ac7b1ea\" data-element_type=\"widget\" data-e-type=\"widget\" data-widget_type=\"heading.default\">\n\t\t\t\t\t<h1 class=\"elementor-heading-title elementor-size-default\">Roger L\u00fcthi<\/h1>\t\t\t\t<\/div>\n\t\t\t\t<\/div>\n\t\t\t\t\t<\/div>\n\t\t\t\t<\/div>\n\t\t<div class=\"elementor-element elementor-element-506ddc35 e-flex e-con-boxed e-con e-parent\" data-id=\"506ddc35\" data-element_type=\"container\" data-e-type=\"container\">\n\t\t\t\t\t<div class=\"e-con-inner\">\n\t\t<div class=\"elementor-element elementor-element-f9c4594 e-con-full e-flex e-con e-child\" data-id=\"f9c4594\" data-element_type=\"container\" data-e-type=\"container\">\n\t\t\t\t<div class=\"elementor-element elementor-element-515b7a5b elementor-widget elementor-widget-heading\" data-id=\"515b7a5b\" data-element_type=\"widget\" data-e-type=\"widget\" data-widget_type=\"heading.default\">\n\t\t\t\t\t<h3 class=\"elementor-heading-title elementor-size-default\">Mission<\/h3>\t\t\t\t<\/div>\n\t\t\t\t<div class=\"elementor-element elementor-element-0a55386 elementor-widget-divider--view-line elementor-widget elementor-widget-divider\" data-id=\"0a55386\" data-element_type=\"widget\" data-e-type=\"widget\" data-widget_type=\"divider.default\">\n\t\t\t\t\t\t\t<div class=\"elementor-divider\">\n\t\t\t<span class=\"elementor-divider-separator\">\n\t\t\t\t\t\t<\/span>\n\t\t<\/div>\n\t\t\t\t\t\t<\/div>\n\t\t\t\t<div class=\"elementor-element elementor-element-3036860d elementor-widget elementor-widget-heading\" data-id=\"3036860d\" data-element_type=\"widget\" data-e-type=\"widget\" data-widget_type=\"heading.default\">\n\t\t\t\t\t<h2 class=\"elementor-heading-title elementor-size-default\">Meine St\u00e4rken<\/h2>\t\t\t\t<\/div>\n\t\t\t\t<div class=\"elementor-element elementor-element-111dc0c1 elementor-widget elementor-widget-text-editor\" data-id=\"111dc0c1\" data-element_type=\"widget\" data-e-type=\"widget\" data-widget_type=\"text-editor.default\">\n\t\t\t\t\t\t\t\t\t<p>Detailing ist f\u00fcr mich mehr als Reinigung \u2013 es ist Pr\u00e4zision, Perfektion und Leidenschaft. Meine Leidenschaft gilt der perfekten Fahrzeugpflege. Mit viel Liebe zum Detail bringe ich Autos und Motorr\u00e4der wieder auf Hochglanz \u2013 sauber, gepflegt und bis ins kleinste Detail veredelt. Ich sorge daf\u00fcr, dass dein Fahrzeug nicht nur sauber ist, sondern heraussticht.<br \/><br \/><br \/><\/p>\t\t\t\t\t\t\t\t<\/div>\n\t\t\t\t<\/div>\n\t\t<div class=\"elementor-element elementor-element-33719767 e-con-full e-flex e-con e-child\" data-id=\"33719767\" data-element_type=\"container\" data-e-type=\"container\">\n\t\t\t\t<div class=\"elementor-element elementor-element-5640ee14 elementor-widget__width-auto elementor-absolute elementor-view-default elementor-widget elementor-widget-icon\" data-id=\"5640ee14\" data-element_type=\"widget\" data-e-type=\"widget\" data-settings=\"{&quot;_position&quot;:&quot;absolute&quot;}\" data-widget_type=\"icon.default\">\n\t\t\t\t\t\t\t<div class=\"elementor-icon-wrapper\">\n\t\t\t<div class=\"elementor-icon\">\n\t\t\t<svg aria-hidden=\"true\" class=\"e-font-icon-svg e-fas-circle\" viewBox=\"0 0 512 512\" xmlns=\"http:\/\/www.w3.org\/2000\/svg\"><path d=\"M256 8C119 8 8 119 8 256s111 248 248 248 248-111 248-248S393 8 256 8z\"><\/path><\/svg>\t\t\t<\/div>\n\t\t<\/div>\n\t\t\t\t\t\t<\/div>\n\t\t\t\t<\/div>\n\t\t\t\t\t<\/div>\n\t\t\t\t<\/div>\n\t\t\t\t<\/div>\n\t\t","protected":false},"excerpt":{"rendered":"<p>\u00dcber Mich Roger L\u00fcthi Mission Meine St\u00e4rken Detailing ist f\u00fcr mich mehr als Reinigung \u2013 es ist Pr\u00e4zision, Perfektion und Leidenschaft. Meine Leidenschaft gilt der perfekten Fahrzeugpflege. Mit viel Liebe zum Detail bringe ich Autos und Motorr\u00e4der wieder auf Hochglanz \u2013 sauber, gepflegt und bis ins kleinste Detail veredelt. Ich sorge daf\u00fcr, dass dein Fahrzeug [&hellip;]<\/p>\n","protected":false},"author":1,"featured_media":0,"parent":0,"menu_order":0,"comment_status":"closed","ping_status":"closed","template":"elementor_header_footer","meta":{"footnotes":""},"class_list":["post-67","page","type-page","status-publish","hentry"],"_links":{"self":[{"href":"https:\/\/fz-polish.ch\/index.php\/wp-json\/wp\/v2\/pages\/67","targetHints":{"allow":["GET"]}}],"collection":[{"href":"https:\/\/fz-polish.ch\/index.php\/wp-json\/wp\/v2\/pages"}],"about":[{"href":"https:\/\/fz-polish.ch\/index.php\/wp-json\/wp\/v2\/types\/page"}],"author":[{"embeddable":true,"href":"https:\/\/fz-polish.ch\/index.php\/wp-json\/wp\/v2\/users\/1"}],"replies":[{"embeddable":true,"href":"https:\/\/fz-polish.ch\/index.php\/wp-json\/wp\/v2\/comments?post=67"}],"version-history":[{"count":14,"href":"https:\/\/fz-polish.ch\/index.php\/wp-json\/wp\/v2\/pages\/67\/revisions"}],"predecessor-version":[{"id":325,"href":"https:\/\/fz-polish.ch\/index.php\/wp-json\/wp\/v2\/pages\/67\/revisions\/325"}],"wp:attachment":[{"href":"https:\/\/fz-polish.ch\/index.php\/wp-json\/wp\/v2\/media?parent=67"}],"curies":[{"name":"wp","href":"https:\/\/api.w.org\/{rel}","templated":true}]}}